{"id":924,"date":"2021-12-29T11:14:39","date_gmt":"2021-12-29T11:14:39","guid":{"rendered":"https:\/\/alvesdossantos.net\/?post_type=poemas&#038;p=924"},"modified":"2022-02-18T16:11:27","modified_gmt":"2022-02-18T16:11:27","slug":"a-vida-num-so-dia","status":"publish","type":"poemas","link":"https:\/\/alvesdossantos.net\/it\/poemas\/a-vida-num-so-dia\/","title":{"rendered":"A Vida Num S\u00f3 Dia"},"content":{"rendered":"<p>Vivi naquele dia tudo o que havia a viver<\/p>\n<p>A minha exist\u00eancia resumiu-se a isso<br \/>\nAtingir o apogeu de se sentir inteiro novamente<br \/>\nE ser capaz de soletrar a eternidade do amor<br \/>\nPara depois cessar de ser por completo<\/p>\n<p>Haver\u00e1 sempre esse limite temporal<br \/>\nQue corre tangencial entre tudo o que \u00e9 corp\u00f3reo<br \/>\nE tudo o que sobeja como mem\u00f3ria da realidade que se desvaneceu<\/p>\n<p>E o espa\u00e7o multidimensional que eu ocupava t\u00e3o definitivamente<br \/>\nSer\u00e1 um vazio que se preencher\u00e1 mais r\u00e1pido do que eu ousaria admitir~<\/p>\n<p>Mas n\u00e3o haver\u00e1 nunca cura para a saudade<br \/>\nQue o confronto entre aquilo que se teve e o que agora se possui gera<\/p>\n<p>Nada h\u00e1 afinal de subtil<br \/>\nNesse doloroso despedir-se do mundo que se criou \u00e0 nossa imagem<\/p>\n<p>Quem poder\u00e1 ensinar a como manter a inoc\u00eancia<br \/>\nQuando \u00e0 nossa volta rui tudo o que nos sustinha<br \/>\nE a chuva que insiste em cair s\u00e3o l\u00e1grimas<br \/>\nQue de t\u00e3o amargas secam as rosas<br \/>\nQue brotariam somente na expectativa de serem ainda doa\u00e7\u00e3o de mim para ti?<\/p>\n<p>Ensina talvez as vagas do mar<br \/>\nQue d\u00ea por onde der insistem em ir e vir<br \/>\nCantando com o mesmo vigor can\u00e7\u00f5es de obl\u00edvio<br \/>\nEnsina talvez o sol que morre a cada noite<br \/>\nApenas para ressuscitar igualmente brilhante na manh\u00e3 seguinte<\/p>\n<p>Talvez para l\u00e1 da minha aus\u00eancia<br \/>\nSeja eu tamb\u00e9m capaz de ensinar o verdadeiro significado desta realidade:<br \/>\nMesmo sendo n\u00f3s ef\u00e9meros, o nosso amor tem uma voca\u00e7\u00e3o intemporal<\/p>\n","protected":false},"featured_media":0,"parent":0,"comment_status":"closed","ping_status":"closed","template":"","yoast_head":"<!-- This site is optimized with the Yoast SEO plugin v17.8 - https:\/\/yoast.com\/wordpress\/plugins\/seo\/ -->\n<title>A Vida Num S\u00f3 Dia - Alves dos Santos<\/title>\n<meta name=\"robots\" content=\"index, follow, max-snippet:-1, max-image-preview:large, max-video-preview:-1\" \/>\n<link rel=\"canonical\" href=\"https:\/\/alvesdossantos.net\/poemas\/a-vida-num-so-dia\/\" \/>\n<meta property=\"og:locale\" content=\"it_IT\" \/>\n<meta property=\"og:type\" content=\"article\" \/>\n<meta property=\"og:title\" content=\"A Vida Num S\u00f3 Dia - Alves dos Santos\" \/>\n<meta property=\"og:description\" content=\"Vivi naquele dia tudo o que havia a viver A minha exist\u00eancia resumiu-se a isso Atingir o apogeu de se sentir inteiro novamente E ser capaz de soletrar a eternidade do amor Para depois cessar de ser por completo Haver\u00e1 ... Read More\" \/>\n<meta property=\"og:url\" content=\"https:\/\/alvesdossantos.net\/poemas\/a-vida-num-so-dia\/\" \/>\n<meta property=\"og:site_name\" content=\"Alves dos Santos\" \/>\n<meta property=\"article:publisher\" content=\"https:\/\/www.facebook.com\/PoesiaDoQuotidiano\/\" \/>\n<meta property=\"article:modified_time\" content=\"2022-02-18T16:11:27+00:00\" \/>\n<meta name=\"twitter:card\" content=\"summary_large_image\" \/>\n<meta name=\"twitter:label1\" content=\"Tempo di lettura stimato\" \/>\n\t<meta name=\"twitter:data1\" content=\"2 minuti\" \/>\n<script type=\"application\/ld+json\" class=\"yoast-schema-graph\">{\"@context\":\"https:\/\/schema.org\",\"@graph\":[{\"@type\":\"WebSite\",\"@id\":\"https:\/\/alvesdossantos.net\/#website\",\"url\":\"https:\/\/alvesdossantos.net\/\",\"name\":\"Alves dos Santos\",\"description\":\"Escritor\",\"potentialAction\":[{\"@type\":\"SearchAction\",\"target\":{\"@type\":\"EntryPoint\",\"urlTemplate\":\"https:\/\/alvesdossantos.net\/?s={search_term_string}\"},\"query-input\":\"required name=search_term_string\"}],\"inLanguage\":\"it-IT\"},{\"@type\":\"WebPage\",\"@id\":\"https:\/\/alvesdossantos.net\/poemas\/a-vida-num-so-dia\/#webpage\",\"url\":\"https:\/\/alvesdossantos.net\/poemas\/a-vida-num-so-dia\/\",\"name\":\"A Vida Num S\\u00f3 Dia - Alves dos Santos\",\"isPartOf\":{\"@id\":\"https:\/\/alvesdossantos.net\/#website\"},\"datePublished\":\"2021-12-29T11:14:39+00:00\",\"dateModified\":\"2022-02-18T16:11:27+00:00\",\"breadcrumb\":{\"@id\":\"https:\/\/alvesdossantos.net\/poemas\/a-vida-num-so-dia\/#breadcrumb\"},\"inLanguage\":\"it-IT\",\"potentialAction\":[{\"@type\":\"ReadAction\",\"target\":[\"https:\/\/alvesdossantos.net\/poemas\/a-vida-num-so-dia\/\"]}]},{\"@type\":\"BreadcrumbList\",\"@id\":\"https:\/\/alvesdossantos.net\/poemas\/a-vida-num-so-dia\/#breadcrumb\",\"itemListElement\":[{\"@type\":\"ListItem\",\"position\":1,\"name\":\"In\\u00edcio\",\"item\":\"https:\/\/alvesdossantos.net\/\"},{\"@type\":\"ListItem\",\"position\":2,\"name\":\"Poemas\",\"item\":\"https:\/\/alvesdossantos.net\/poemas\/\"},{\"@type\":\"ListItem\",\"position\":3,\"name\":\"A Vida Num S\\u00f3 Dia\"}]}]}<\/script>\n<!-- \/ Yoast SEO plugin. -->","yoast_head_json":{"title":"A Vida Num S\u00f3 Dia - Alves dos Santos","robots":{"index":"index","follow":"follow","max-snippet":"max-snippet:-1","max-image-preview":"max-image-preview:large","max-video-preview":"max-video-preview:-1"},"canonical":"https:\/\/alvesdossantos.net\/poemas\/a-vida-num-so-dia\/","og_locale":"it_IT","og_type":"article","og_title":"A Vida Num S\u00f3 Dia - Alves dos Santos","og_description":"Vivi naquele dia tudo o que havia a viver A minha exist\u00eancia resumiu-se a isso Atingir o apogeu de se sentir inteiro novamente E ser capaz de soletrar a eternidade do amor Para depois cessar de ser por completo Haver\u00e1 ... Read More","og_url":"https:\/\/alvesdossantos.net\/poemas\/a-vida-num-so-dia\/","og_site_name":"Alves dos Santos","article_publisher":"https:\/\/www.facebook.com\/PoesiaDoQuotidiano\/","article_modified_time":"2022-02-18T16:11:27+00:00","twitter_card":"summary_large_image","twitter_misc":{"Tempo di lettura stimato":"2 minuti"},"schema":{"@context":"https:\/\/schema.org","@graph":[{"@type":"WebSite","@id":"https:\/\/alvesdossantos.net\/#website","url":"https:\/\/alvesdossantos.net\/","name":"Alves dos Santos","description":"Escritor","potentialAction":[{"@type":"SearchAction","target":{"@type":"EntryPoint","urlTemplate":"https:\/\/alvesdossantos.net\/?s={search_term_string}"},"query-input":"required name=search_term_string"}],"inLanguage":"it-IT"},{"@type":"WebPage","@id":"https:\/\/alvesdossantos.net\/poemas\/a-vida-num-so-dia\/#webpage","url":"https:\/\/alvesdossantos.net\/poemas\/a-vida-num-so-dia\/","name":"A Vida Num S\u00f3 Dia - Alves dos Santos","isPartOf":{"@id":"https:\/\/alvesdossantos.net\/#website"},"datePublished":"2021-12-29T11:14:39+00:00","dateModified":"2022-02-18T16:11:27+00:00","breadcrumb":{"@id":"https:\/\/alvesdossantos.net\/poemas\/a-vida-num-so-dia\/#breadcrumb"},"inLanguage":"it-IT","potentialAction":[{"@type":"ReadAction","target":["https:\/\/alvesdossantos.net\/poemas\/a-vida-num-so-dia\/"]}]},{"@type":"BreadcrumbList","@id":"https:\/\/alvesdossantos.net\/poemas\/a-vida-num-so-dia\/#breadcrumb","itemListElement":[{"@type":"ListItem","position":1,"name":"In\u00edcio","item":"https:\/\/alvesdossantos.net\/"},{"@type":"ListItem","position":2,"name":"Poemas","item":"https:\/\/alvesdossantos.net\/poemas\/"},{"@type":"ListItem","position":3,"name":"A Vida Num S\u00f3 Dia"}]}]}},"_links":{"self":[{"href":"https:\/\/alvesdossantos.net\/it\/wp-json\/wp\/v2\/poemas\/924"}],"collection":[{"href":"https:\/\/alvesdossantos.net\/it\/wp-json\/wp\/v2\/poemas"}],"about":[{"href":"https:\/\/alvesdossantos.net\/it\/wp-json\/wp\/v2\/types\/poemas"}],"replies":[{"embeddable":true,"href":"https:\/\/alvesdossantos.net\/it\/wp-json\/wp\/v2\/comments?post=924"}],"wp:attachment":[{"href":"https:\/\/alvesdossantos.net\/it\/wp-json\/wp\/v2\/media?parent=924"}],"curies":[{"name":"wp","href":"https:\/\/api.w.org\/{rel}","templated":true}]}}

A Vida Num Só Dia

<p>Vivi naquele dia tudo o que havia a viver</p>
<p>A minha existência resumiu-se a isso<br />
Atingir o apogeu de se sentir inteiro novamente<br />
E ser capaz de soletrar a eternidade do amor<br />
Para depois cessar de ser por completo</p>
<p>Haverá sempre esse limite temporal<br />
Que corre tangencial entre tudo o que é corpóreo<br />
E tudo o que sobeja como memória da realidade que se desvaneceu</p>
<p>E o espaço multidimensional que eu ocupava tão definitivamente<br />
Será um vazio que se preencherá mais rápido do que eu ousaria admitir~</p>
<p>Mas não haverá nunca cura para a saudade<br />
Que o confronto entre aquilo que se teve e o que agora se possui gera</p>
<p>Nada há afinal de subtil<br />
Nesse doloroso despedir-se do mundo que se criou à nossa imagem</p>
<p>Quem poderá ensinar a como manter a inocência<br />
Quando à nossa volta rui tudo o que nos sustinha<br />
E a chuva que insiste em cair são lágrimas<br />
Que de tão amargas secam as rosas<br />
Que brotariam somente na expectativa de serem ainda doação de mim para ti?</p>
<p>Ensina talvez as vagas do mar<br />
Que dê por onde der insistem em ir e vir<br />
Cantando com o mesmo vigor canções de oblívio<br />
Ensina talvez o sol que morre a cada noite<br />
Apenas para ressuscitar igualmente brilhante na manhã seguinte</p>
<p>Talvez para lá da minha ausência<br />
Seja eu também capaz de ensinar o verdadeiro significado desta realidade:<br />
Mesmo sendo nós efémeros, o nosso amor tem uma vocação intemporal</p>

<!-- This site is optimized with the Yoast SEO plugin v17.8 - https://yoast.com/wordpress/plugins/seo/ -->
<title>A Vida Num Só Dia - Alves dos Santos</title>
<meta name="robots" content="index, follow, max-snippet:-1, max-image-preview:large, max-video-preview:-1" />
<link rel="canonical" href="https://alvesdossantos.net/poemas/a-vida-num-so-dia/" />
<meta property="og:locale" content="it_IT" />
<meta property="og:type" content="article" />
<meta property="og:title" content="A Vida Num Só Dia - Alves dos Santos" />
<meta property="og:description" content="Vivi naquele dia tudo o que havia a viver A minha existência resumiu-se a isso Atingir o apogeu de se sentir inteiro novamente E ser capaz de soletrar a eternidade do amor Para depois cessar de ser por completo Haverá ... Read More" />
<meta property="og:url" content="https://alvesdossantos.net/poemas/a-vida-num-so-dia/" />
<meta property="og:site_name" content="Alves dos Santos" />
<meta property="article:publisher" content="https://www.facebook.com/PoesiaDoQuotidiano/" />
<meta property="article:modified_time" content="2022-02-18T16:11:27+00:00" />
<meta name="twitter:card" content="summary_large_image" />
<meta name="twitter:label1" content="Tempo di lettura stimato" />
	<meta name="twitter:data1" content="2 minuti" />
<script type="application/ld+json" class="yoast-schema-graph">{"@context":"https://schema.org","@graph":[{"@type":"WebSite","@id":"https://alvesdossantos.net/#website","url":"https://alvesdossantos.net/","name":"Alves dos Santos","description":"Escritor","potentialAction":[{"@type":"SearchAction","target":{"@type":"EntryPoint","urlTemplate":"https://alvesdossantos.net/?s={search_term_string}"},"query-input":"required name=search_term_string"}],"inLanguage":"it-IT"},{"@type":"WebPage","@id":"https://alvesdossantos.net/poemas/a-vida-num-so-dia/#webpage","url":"https://alvesdossantos.net/poemas/a-vida-num-so-dia/","name":"A Vida Num S\u00f3 Dia - Alves dos Santos","isPartOf":{"@id":"https://alvesdossantos.net/#website"},"datePublished":"2021-12-29T11:14:39+00:00","dateModified":"2022-02-18T16:11:27+00:00","breadcrumb":{"@id":"https://alvesdossantos.net/poemas/a-vida-num-so-dia/#breadcrumb"},"inLanguage":"it-IT","potentialAction":[{"@type":"ReadAction","target":["https://alvesdossantos.net/poemas/a-vida-num-so-dia/"]}]},{"@type":"BreadcrumbList","@id":"https://alvesdossantos.net/poemas/a-vida-num-so-dia/#breadcrumb","itemListElement":[{"@type":"ListItem","position":1,"name":"In\u00edcio","item":"https://alvesdossantos.net/"},{"@type":"ListItem","position":2,"name":"Poemas","item":"https://alvesdossantos.net/poemas/"},{"@type":"ListItem","position":3,"name":"A Vida Num S\u00f3 Dia"}]}]}</script>
<!-- / Yoast SEO plugin. -->

A Vida Num Só Dia - Alves dos Santos

Vivi naquele dia tudo o que havia a viver A minha existência resumiu-se a isso Atingir o apogeu de se sentir inteiro novamente E ser capaz de soletrar a eternidade do amor Para depois cessar de ser por completo Haverá ... Read More

Início
